+ t*c - 48 = 0, 3*n + 7*c = 5*c + 68. What is the greatest common factor of 198 and n?
22
Suppose -2*g + 5*j + 4 = -4, 3*g - 2*j = 12. Suppose 0 = 2*x + g*y - 83 + 31, -5*y + 119 = 4*x. What is the greatest common divisor of x and 90?
18
Let p = 317 + -303. What is the highest common divisor of 182 and p?
14
Let c(x) = -x**3 - 8*x**2 + 2*x - 1. Let h be c(-8). Let o = h + 32. What is the highest common divisor of o and 10?
5
Let d = 707 + -435. Calculate the highest common factor of d and 16.
16
Let i be ((-152)/(-5))/((-18)/(-45)). What is the highest common divisor of i and 16?
4
Let q(k) = 2*k**3 - 2*k**2 + 5*k - 2. Let b be q(6). Suppose -b = -5*u + 17. Suppose -2*v + 10*v = 72. Calculate the highest common divisor of u and v.
9
Suppose 82 = 2*s - 0*s + 2*n, 2*s = 5*n + 47. Calculate the greatest common divisor of 54 and s.
18
Suppose 393*l = 403*l - 100. Suppose 5*j = 3*h + 450, -2*h = 2*j + j - 270. Calculate the highest common factor of j and l.
10
Suppose 3*w = -4*q + 2 + 16, -q - 12 = -2*w. Suppose -5*t = 4*b + w - 68, -2*t = -4*b - 36. What is the greatest common factor of 154 and t?
14
Let p be (-224 + -46)*1/(-2 - 0). Calculate the greatest common factor of 189 and p.
27
Suppose 162 = 7*q + 2*q. Calculate the highest common factor of q and 384.
6
Suppose 4*d + 5*z - 22 = 0, -d = -5*z + 6 + 1. Suppose h = 3*c - 5, -3*c - 3 - 12 = -d*h. What is the highest common factor of h and 4?
2
Suppose 2*t - 9 = 47. Let s be t - (2 + -1 + -1). What is the greatest common divisor of s and 7?
7
Let x(k) = 48*k + 27. Let v be x(4). What is the greatest common factor of v and 73?
73
Let o = 2 + 15. Suppose 2*f + 2*f = 816. Suppose s + 2*s - f = 0. What is the highest common divisor of o and s?
17
Let z(m) = m**3 + 5*m**2 - 7*m - 18. Let o be z(-5). Let c(b) = 69*b**3 - 2*b**2 + 2*b - 1. Let i be c(1). What is the highest common factor of i and o?
17
Let r(g) = -g**3 - 9*g**2 - 5*g + 10. Suppose 0 = 19*v - 16*v - 9. Suppose 43 - 16 = -v*a. Let h be r(a). What is the greatest common divisor of h and 22?
11
Let n(i) = 19*i**2 + 7*i + 27. Let z be n(7). What is the highest common divisor of z and 57?
19
Suppose -5*k + 368 = 93. Suppose -k = -5*l + 5*n, -n = l - 5*l + 44. Calculate the highest common divisor of l and 44.
11
Let n(l) = -109*l + 15. Let a be n(-5). Suppose 8*w - 48 = a. Let g = 10 + 9. What is the greatest common divisor of g and w?
19
Let n be 4*2/8*-4. Let y be n/(-6)*(-15)/(-2). Suppose -c = y*i + 13 - 37, -8 = 2*c - 4*i. Calculate the greatest common divisor of c and 8.
4
Suppose -4*n = 2*u - 22, 3*n - 4*u = -n + 16. Let j = -5172 - -5217. What is the highest common factor of j and n?
5
Suppose 12*t + 4*k = 16*t - 692, 0 = -2*t + 5*k + 355. What is the greatest common divisor of 136 and t?
34
Let q be 2*4/(-68) - 1532/(-17). Calculate the greatest common divisor of q and 315.
45
Let u be (-2)/(-9) + 364/63. Let v = -3 + u. Let x be ((-280)/(-12))/(2/v). Calculate the greatest common factor of 7 and x.
7
Suppose -m - 3*m - 3*n = -27, 4*m + 5*n - 29 = 0. Suppose -104 = -m*c + 10. Let b be (-2 - -2 - -170) + 1. Calculate the greatest common factor of b and c.
19
Let o = -32 + 56. Suppose 0 = -t + 3, 5*i + 0*i - t = 237. Calculate the highest common divisor of i and o.
24
Let n(f) = 32*f**2 - 1. Let x be n(-1). Let m be 2/(-21) + (-151090)/(-609). Calculate the highest common divisor of m and x.
31
Let a = -237 + 282. What is the greatest common divisor of 117 and a?
9
Suppose s + 6 = 2*s. Suppose -3*n - n + 5*z = -4, -z - 8 = -2*n. Calculate the greatest common divisor of s and n.
6
Suppose 6*n - 4*n = 90. Calculate the greatest common divisor of 27 and n.
9
Suppose f - 9*f = -32. Let x be 0 - 0*f/(-8). Let u be 8/40*(5 - x). Calculate the greatest common factor of 2 and u.
1
Suppose -4*d - 7 = -3*w, 5*w - 22 = w - d. What is the greatest common divisor of 25 and w?
5
Let b(h) = -h**3 - 8*h**2 - 8*h - 1. Let a = 15 + -22. Let j be b(a). Let r = j - -8. What is the highest common divisor of r and 21?
7
Suppose 3*q - 22 = -2*g + 22, -10 = 5*g. Calculate the highest common divisor of 184 and q.
8
Let i = 82 - 58. Calculate the greatest common factor of 246 and i.
6
Let l = -548 - -643. What is the highest common divisor of 15 and l?
5
Let q(c) = 32*c**3 + c**2 - 2*c. Let g be q(1). Calculate the highest common divisor of 124 and g.
31
Let i(g) = g + 24. Let z be i(4). Let b = z + -4. Calculate the greatest common factor of b and 48.
24
Let q(o) = o**3 + o**2 - 2*o + 6. Let u be q(0). Calculate the greatest common divisor of 42 and u.
6
Let s = -59 + 63. Suppose 18 = s*k + 2*c, k - 2*c - 2 = -0*k. Let a(g) = -g**2 - 9*g + 4. Let h be a(-9). Calculate the highest common divisor of k and h.
4
Let t(z) = z**2 + 29*z + 114. Let u be t(-31). What is the highest common divisor of 33 and u?
11
Suppose 2*x + 2 = -10. Let b(o) = o**2 + 5*o - 4. Let h be b(x). Let y be 9*(-1 + h + 1). What is the highest common factor of 198 and y?
18
Let k(m) = -4*m + 165. Let u be k(0). Calculate the greatest common divisor of u and 15.
15
Suppose -3*u = 5*k - 75, k - 2*u = -3*k + 60. Calculate the highest common divisor of k and 315.
15
Let t be 4/(-14) - (-456)/28. Let b = 641 + -561. What is the highest common factor of t and b?
16
Let g be (-4)/5*(1315/(-10) - 6). Let f be 3*(0 + 30/9). Let n = f - -12. Calculate the highest common factor of g and n.
22
Let p = 92 - -18. Suppose 52*t - 90*t + 760 = 0. What is the greatest common factor of p and t?
10
Let z(x) = -4*x**2 + 7*x + 8*x**2 + 2 + 2*x**2 - x**3. Let p be z(7). Suppose -h - 3*h + 4 = p*v, -4 = h. What is the highest common divisor of 80 and v?
10
Let i(x) = -3*x + 0*x - 1 - 4*x + 2. Let z be i(1). Let a = 39 + z. Calculate the greatest common divisor of a and 22.
11
Let l(a) = -4*a + 90. Let b be l(-6). Calculate the greatest common factor of 741 and b.
57
Let m(u) = 3*u + 32. Let c be m(-10). Calculate the greatest common divisor of c and 8.
2
Let j be ((-18)/120 + 2/(-8))*-35. Suppose 3*s - 2*c = -4*c - 4, -2*c - 18 = -4*s. Calculate the greatest common factor of s and j.
2
Let n(y) = 2*y**2 + 17*y - 14. Let s be n(-10). What is the greatest common factor of 12 and s?
4
Suppose -2*n + 7*n - 10 = a, 0 = 4*a - 4*n - 8. Suppose y + 3 - 2 = 0. Let h be -2*45/2*y. Calculate the highest common divisor of h and a.
5
Let u(b) = b**2 + 4*b + 27. Let l be u(-7). What is the highest common divisor of 18 and l?
6
Let d = 357 - 347. Calculate the greatest common divisor of d and 330.
10
Let w = -66 + 178. What is the greatest common factor of 80 and w?
16
Suppose 0 = 3*d - 7*o + 6*o - 159, 0 = -5*d - 5*o + 245. Calculate the greatest common factor of 13 and d.
13
Let c be ((-12)/14)/((-12)/112). Let a = 5 - -83. What is the highest common divisor of c and a?
8
Suppose -243 = 2*x - 1013. Calculate the highest common factor of 35 and x.
35
Let t = -331 - -379. What is the highest common divisor of t and 368?
16
Let k(z) = 2*z + 54. Let d be k(-26). Let r = 2 - -2. Suppose 0 = a - r, -i = i + 2*a - 20. Calculate the highest common factor of i and d.
2
Let v(p) = p**3 + p + 1. Let r(d) = 2*d**3 - d**2 + 2*d + 3. Let y(z) = r(z) - 4*v(z). Let q be y(-2). Calculate the highest common factor of 45 and q.
15
Suppose -4193 = -6*z + 1009. Calculate the greatest common factor of z and 51.
51
Let i = 88 + 16. What is the greatest common divisor of i and 156?
52
Suppose 5*w = -15, 3*l - 2*w - 3334 = -l. Calculate the highest common factor of l and 64.
64
Suppose -2*k - 3*k + 10 = 0. Suppose 60 = -k*t + 156. Let o(p) = p - 2. Let l be o(8). Calculate the highest common divisor of l and t.
6
Let g(v) = 8*v + 48. Let l be g(12). What is the highest common divisor of l and 36?
36
Let m be (-14)/35 - 748/5. Let x = -94 - m. What is the highest common divisor of x and 7?
7
Suppose 0 = 2*t - 5*x - 185, -2*x - 46 + 125 = t. What is the greatest common divisor of t and 3?
1
Let q = 59 - -45. Let u(m) = -4*m. Let g be u(-2). Let a be 104/(-2)*(-2)/g. What is the greatest common factor of a and q?
13
Suppose 21454 = 49*h + 8077. Calculate the greatest common divisor of 189 and h.
21
Suppose -112 = 8*p - 12*p. What is the highest common divisor of 224 and p?
28
Suppose 5*r + 2*q - 55 = 0, -r - 48*q = -50*q + 1. Let b be (-8)/((-2 + -2